 What is v(-3)?
0
Let g(z) be the third derivative of 5*z**4/24 + z**3/6 - 6*z**2. Let l(x) = -4*x. Let v(u) = 5*g(u) + 6*l(u). What is v(5)?
10
Let i be ((-8)/10)/(2/(-5)). Suppose o = i - 1. Let w(f) = -10*f**2 + f + 4. Let k(v) = -11*v**2 + 2*v + 5. Let a(p) = 3*k(p) - 4*w(p). Give a(o).
8
Let m = -227 + 228. Let d(s) be the second derivative of -29*s**4/12 + s**3/3 - s**2/2 + 6*s. Determine d(m).
-28
Suppose -a - 4*h + 23 = 0, -a - 5*h = -19 - 7. Let v(u) = u - 10. What is v(a)?
1
Suppose 0 = -2*a + 6*a + 108. Suppose 0 = l + 58 - 28. Let x = l - a. Let p(s) = -s**2 - 3*s + 4. Give p(x).
4
Let z = 2299 - 2305. Let n(r) be the first derivative of r**3/3 + 3*r**2 + 8*r + 1. Determine n(z).
8
Let s(i) = -20*i**2 - 11*i**2 - 12*i**2 + 7 + i**3 + 37*i**2 - 7*i. Suppose -m - m = -14. Calculate s(m).
7
Suppose 0*j = -4*j - j. Suppose -l + 5*l - 20 = j. Let a(h) = h**2 - 4*h + 2. Give a(l).
7
Let h(x) be the third derivative of x**4/24 - x**3/2 - x**2. Suppose -p + 3*l + 0 + 9 = 0, l = 4*p - 25. Let a be (-1*(-9)/p)/(6/(-16)). Calculate h(a).
-7
Let g(i) = 5*i**2 - 21*i - 3. Let c(q) = 2*q**2 - 10*q - 2. Let t(f) = -7*c(f) + 3*g(f). What is t(-7)?
5
Let t be 416/(-6) + -1 + (-18)/27. Let h = t + 71. Let v(m) = -m - 4. What is v(h)?
-4
Let a(s) = -s**3 + 5*s**2 - 4*s + 3. Let b be (10/15)/((-2)/(-24)). Suppose -2*h = -5*i + b + 17, 5*i + 3*h = 0. Give a(i).
9
Suppose 3*s - 5 + 14 = 0. Let l be (s - 3)/(-2) + 3. Let z = 0 + l. Let c(j) = -3*j + 3. What is c(z)?
-15
Let f(r) = -14 - 3*r + 22 - 8. Suppose -g + 13 = 4*a, -4*g + 27 + 3 = 5*a. Calculate f(g).
-15
Suppose n = q + 8, n = 2*q + 5 + 5. Let h = 3 - n. Let f(d) be the third derivative of d**4/8 - d**3/2 + 47*d**2 + 1. Give f(h).
-12
Let g(c) = c + 23. Let y be g(-17). Let l(h) = -h**3 + 5*h**2 + 4*h + 8. What is l(y)?
-4
Let q = 2 - 3. Let d(o) be the first derivative of 7*o**5/60 - o**4/24 - o**3/6 - 25*o**2/2 + 18. Let v(c) be the second derivative of d(c). Give v(q).
7
Let f(i) be the third derivative of 7*i**4/12 + i**3/3 - 3*i**2 - 102. Calculate f(1).
16
Let f = 12 - 10. Let h(j) be the second derivative of j**3/3 + j**2 + 22*j. Give h(f).
6
Suppose 0 = 5*x - 34 + 4. Let s(r) be the first derivative of r**4/4 - 2*r**3 - r**2 + 6*r - 37. Determine s(x).
-6
Let w(c) = -355*c**2 - 353*c**2 - 7*c + 1 + 709*c**2. Determine w(6).
-5
Let p(s) be the first derivative of -2*s**3/3 - 5*s**2/2 - 2*s - 192. Suppose -2*l - 10 = 0, -d + 4*l = -2*d - 23. What is p(d)?
-5
Let k(t) be the third derivative of 2*t**4/3 - 3*t**2 - 13. Calculate k(-2).
-32
Let d(j) = -4*j - 4. Suppose -5*c - 10 = 3*r, -r + 6*r = 3*c + 40. Suppose 20 - r = -5*a. Determine d(a).
8
Let f be (22/(880/90))/(3/4). Let a(q) = -2*q**3 + 4*q**2 - 4*q + 2. Give a(f).
-28
Let i(c) = 0*c**2 + 0*c**2 - 3*c**2 + 2 + c + c**3. Let d = 9 + -6. What is i(d)?
5
Let l(w) be the third derivative of -w**6/120 + w**4/24 + w**3/3 + 535*w**2. Determine l(-4).
62
Let l = 30 + -59. Let d = -27 - l. Let r(q) be the third derivative of -q**5/30 - q**4/12 + q**3/2 - q**2. Give r(d).
-9
Let v = 4842 - 3064. Let t(z) = 0*z**2 - 5*z**2 + 2 + v*z - z**3 - 6 - 1775*z. Give t(-6).
14
Let y(q) = -3*q**3 + 8*q**2 - 7. Let b(i) = 4*i**3 - 10*i**2 + 8. Let w(z) = 2*b(z) + 3*y(z). What is w(4)?
-5
Let r(b) = b**2 - 2*b - 1. Let f(d) = -d**3 - 5*d**2 - 20*d - 15. Let z(v) = -f(v) + 3*r(v). Determine z(-6).
0
Let q(p) = -p**2 + 5*p + 1. Let k(u) = u + 0 - 6*u + 0*u + u**2 - 2. Let y(m) = -5*k(m) - 6*q(m). Let r be (-5)/3*(-12 + 9). Give y(r).
4
Suppose -b + 63 = 65. Let i(l) = 3*l**2 - 2*l**2 - 505*l + 507*l. Give i(b).
0
Let i be 0 - (-1 - 3/3). Let w(d) = 1 + 55*d - 28*d - 26*d + d**i. Calculate w(-3).
7
Suppose 0 = -41*x + 39*x + 2. Let b(v) = 20*v**2 - v. What is b(x)?
19
Let n(j) be the third derivative of j**7/840 + j**6/360 + 3*j**3/2 - 9*j**2. Let f(d) be the first derivative of n(d). Determine f(-1).
0
Let j(z) = 48*z - 93. Let o be j(2). Let r(v) = 2*v + 1. Give r(o).
7
Let f(b) = 2*b**3 - b**2 - b + 2. Suppose -4*d - 16 = -20. Determine f(d).
2
Suppose -5*x + 7 = -5*q + 22, -q = 2*x + 6. Let v = 3 + q. Let j(o) = 0 + 0*o**2 - 4 + 2074*o - o**2 - 2071*o. What is j(v)?
-4
Let s = -73 + 135. Suppose 5*z + s = 52. Let b(c) = 3*c - 2. Give b(z).
-8
Let o(h) = -h**2 + 66*h - 184. Let v be o(63). Let q(t) = 2*t**2 - 10*t - 5. Give q(v).
-5
Suppose 3*h + 4 - 7 = 0. Let p(b) = 2*b - 4*b - 828 - b + 830. Let q(z) = -9*z + 5. Let w(x) = -8*p(x) + 3*q(x). Determine w(h).
-4
Suppose 4*h - 3 = 3*h. Let m(v) = -66*v**2 + v**3 + 2*v + 64*v**2 - 3 + 1. What is m(h)?
13
Let o(g) = -14*g - 16. Let t(y) = 2*y + 2. Let m(r) = 3*o(r) + 24*t(r). Give m(-2).
-12
Let j be 4/5 - 39/5. Let r(v) = 3*v + 8 - v - v**3 + 7*v**2 + 2*v**3. What is r(j)?
-6
Let x(k) be the third derivative of 2/3*k**3 - 4*k**2 + 1/120*k**6 + 0*k + 7/60*k**5 + 7/24*k**4 + 0. What is x(-5)?
19
Let n be ((-44)/11 - -2) + 4. Let z(a) = -11 - a**2 - a**3 - 2*a + 10 + 0*a**2. Give z(n).
-17
Let t = 25 - 19. Let w(p) be the first derivative of -t*p - 2*p**2 + 5*p - 11 - p. Determine w(-2).
6
Let u = 5722 + -5721. Let d(i) = 4*i + 2*i**2 + 6*i**3 + 3*i**3 - 5*i. Calculate d(u).
10
Let n(y) be the second derivative of 1/3*y**3 + 0 - 8*y - 3/2*y**2. Suppose -3*v - 9 = 0, 3*g + 4*v + 8 = -13. Give n(g).
-9
Let g(m) = m + 1. Let s(h) = 5*h + 5. Suppose -5*l - 2*n + 7 = 0, -l + n - 2 = -2*l. Let q(a) = l*s(a) - 4*g(a). Let p be 0/2*(-3)/3. Determine q(p).
1
Let y be -4 - (-5 - (-8)/(-2)). Let t(q) = -y*q - 9*q - 2 + 23*q - 13*q. What is t(-2)?
6
Let i(f) = -f**3 - 8*f**2 - 7. Let v be i(-8). Let b = v - -10. Let w(p) = 7*p - 3*p + 2 + 2*p**2 - 3*p**3 + 2*p**3 - 3*p. What is w(b)?
-4
Let c = 25 - 41. Let x = c - -11. Let k(h) = -2*h + 11. Let n(f) = -3*f + 22. Let t(w) = -5*k(w) + 3*n(w). What is t(x)?
6
Suppose 2*r = 4*n + 26, -4*r - n + 4 = -12. Let y(d) = -d - d - 4 + r*d - 4*d. Give y(-7).
3
Let x(i) be the second derivative of -7*i**4/6 - i**3/2 + i**2 - 191*i. What is x(1)?
-15
Let w(k) = -k + 9. Let c = -70 - -69. Let q(p) = -1. Let n(m) = -1. Let b(u) = 2*n(u) - q(u). Let j(o) = c*w(o) - 5*b(o). What is j(3)?
-1
Suppose -9 = -4*y + 7*y. Let v be ((-14)/4 - y)*10. Let u(q) = -q + 2. Determine u(v).
7
Let g(s) = -11*s**2 - 15*s - 6. Let j(p) = -5*p**2 - 8*p - 3. Let w(i) = -6*g(i) + 13*j(i). Determine w(11).
-36
Let i(x) be the third derivative of x**6/120 + x**5/60 - x**4/24 + 11*x**3/6 - 36*x**2 + 4*x. Determine i(0).
11
Let k(l) = -l**2 + 4*l. Let c be k(2). Let n be 2/(4/(8 - c)). Let q(p) = 0*p**2 + 4*p**2 + 8*p**2 - 3*p**n. Calculate q(1).
9
Suppose -m = -2*p + 3, -p - 12 = -4*p. Let z(f) = 4*f + m*f**2 + f**3 - 42 + 35 + 2*f**2. Let s(d) = -d**2 + 3. Let j be s(3). Calculate z(j).
5
Let z(h) = 3*h**3 - 146*h**2 + 235*h. Let i be z(47). Let x(o) = -3*o**2 + 3*o - 2. Let m(g) = -g**2 + g + 1. Let y(w) = 4*m(w) - x(w). Give y(i).
6
Let d(i) be the third derivative of -i**6/240 - i**4/3 + 9*i**2. Let p(w) be the second derivative of d(w). Calculate p(1).
-3
Let p = -6 - 0. Let b(u) = -4*u + 15. Let l(k) = -5*k + 16. Let j(s) = -6*b(s) + 5*l(s). What is j(p)?
-4
Let p be 4/(-1) + 2 - 2. Let t(f) = 5*f**2 + 10*f + 1. Let o(h) be the first derivative of -2*h**3 - 11*h**2/2 + 1. Let b(j) = p*o(j) - 5*t(j). Calculate b(-4).
3
Let x(m) = 2*m - 4. Let n = 8 + -2. Let l be (-8)/n*189/(-84). Let i be x(l). Let s(w) = 2*w**3 + w - 2. What is s(i)?
16
Let f(v) be the third derivative of -v**5/60 - 5*v**4/24 - v**3/6 - 171*v**2. What is f(-4)?
3
Let x(l) = l**2 + 17*l + 8. Let k be x(0). Let i(t) = t**3 - 9*t**2 + 7*t + 10. Determine i(k).
2
Let h(n) = 3 - 70*n - 2*n**2 + 68*n + n**3 - 2*n**2 + 5*n**2. Give h(-3).
-9
Let k(l) = -9*l**3 + 13*l**2 + 8*l - 7. Let a(u) = 5*u**3 - 7*u**2 - 4*u + 4. Let c(o) = 7*a(o) + 4*k(o). Calculate c(4).
0
Let n = -508 - -504. Let i(r) = -r**3 - 5*r**2 - 5*r - 7. Give i(n).
-3
Let u(d) = d**2 + 6*d - 3. Let v = 11 - 2. Suppose v*c - 18*c = 27. What is u(c)?
-12
Let y be (-4)/(-8)*(-3 - -1). Let b(k) = -6*k**3 + 20*k**3 + 0*k**2 - k**2 + 0*k**2. Give b(y).
-15
Let u(z) = z**2 - 8*z - 28. Let o(k) = 4*k**2 - 6*k + 1. Let y be o(-1). Calculate u(y).
5
Let o(h) = 11*h. Suppose -15 - 9 = 8*q. What is o(q)?
-33
Let o(q) be the first derivative of 6*q**2 - 6*q - 210. Give o(1).
6
Let j(f) = 